05731 is divided by 1484.
367
Calculate the remainder when 9736462 is divided by 46364.
22
Calculate the remainder when 10108 is divided by 1282.
1134
What is the remainder when 3474172 is divided by 34?
18
Calculate the remainder when 1575294 is divided by 1575291.
3
What is the remainder when 11403 is divided by 3964?
3475
Calculate the remainder when 135776741 is divided by 67888363.
15
What is the remainder when 96659 is divided by 3220?
59
Calculate the remainder when 1426093 is divided by 64813.
207
What is the remainder when 5258409 is divided by 2155?
209
What is the remainder when 17581 is divided by 17379?
202
Calculate the remainder when 510304 is divided by 63.
4
Calculate the remainder when 7294843 is divided by 280.
3
Calculate the remainder when 6206 is divided by 1804.
794
What is the remainder when 2759782 is divided by 370?
322
What is the remainder when 392692 is divided by 47988?
8788
What is the remainder when 392165 is divided by 98?
67
Calculate the remainder when 149419211 is divided by 6043.
6036
What is the remainder when 65141 is divided by 21660?
161
What is the remainder when 5266418 is divided by 5891?
5755
What is the remainder when 18025685 is divided by 14?
13
What is the remainder when 752262 is divided by 211?
47
Calculate the remainder when 7766789 is divided by 55.
19
Calculate the remainder when 31290 is divided by 1158.
24
Calculate the remainder when 8851352 is divided by 632239.
6
What is the remainder when 20824378 is divided by 1316?
1310
What is the remainder when 7152576 is divided by 15930?
6
Calculate the remainder when 642879 is divided by 29.
7
What is the remainder when 180829 is divided by 12863?
747
What is the remainder when 7337513 is divided by 733751?
3
What is the remainder when 117855149 is divided by 1070?
1069
Calculate the remainder when 4003716 is divided by 100.
16
What is the remainder when 5201597 is divided by 6?
5
What is the remainder when 243437 is divided by 11049?
359
What is the remainder when 61778 is divided by 30451?
876
What is the remainder when 193219 is divided by 64283?
370
Calculate the remainder when 3531425 is divided by 55178.
33
What is the remainder when 383364 is divided by 376215?
7149
Calculate the remainder when 11743898 is divided by 633.
482
Calculate the remainder when 18099564 is divided by 2237.
2234
What is the remainder when 15365765 is divided by 15365734?
31
Calculate the remainder when 15940439 is divided by 180.
179
Calculate the remainder when 80780 is divided by 40205.
370
Calculate the remainder when 281507 is divided by 221.
174
Calculate the remainder when 12426917 is divided by 91.
48
What is the remainder when 30113940 is divided by 406945?
10
What is the remainder when 316813 is divided by 868?
861
Calculate the remainder when 77396 is divided by 11037.
137
What is the remainder when 143678 is divided by 181?
145
Calculate the remainder when 14038686 is divided by 1136.
1134
Calculate the remainder when 18603843 is divided by 84.
27
What is the remainder when 13339614 is divided by 2064?
2046
What is the remainder when 817044 is divided by 17021?
36
What is the remainder when 218436787 is divided by 26?
23
Calculate the remainder when 238940 is divided by 59556.
716
What is the remainder when 12606022 is divided by 986?
12
What is the remainder when 78835 is divided by 120?
115
Calculate the remainder when 59830 is divided by 29893.
44
What is the remainder when 128445 is divided by 24?
21
What is the remainder when 163950 is divided by 2153?
322
What is the remainder when 653426 is divided by 217792?
50
What is the remainder when 9219076 is divided by 384?
4
What is the remainder when 917057 is divided by 11457?
497
What is the remainder when 413693 is divided by 2273?
7
Calculate the remainder when 40579037 is divided by 16.
13
What is the remainder when 2172471 is divided by 11084?
7
What is the remainder when 5610055 is divided by 578?
565
Calculate the remainder when 465099 is divided by 155033.
0
What is the remainder when 1172899 is divided by 56?
35
Calculate the remainder when 6185894 is divided by 1952.
6
Calculate the remainder when 1258696319 is divided by 6664.
6663
Calculate the remainder when 35605 is divided by 7093.
140
What is the remainder when 159422 is divided by 664?
62
Calculate the remainder when 2820284 is divided by 704905.
664
What is the remainder when 47323131 is divided by 258?
255
Calculate the remainder when 238105 is divided by 118937.
231
Calculate the remainder when 226897400 is divided by 237.
236
Calculate the remainder when 17030 is divided by 2776.
374
What is the remainder when 5498793 is divided by 911?
908
Calculate the remainder when 91515 is divided by 271.
188
Calculate the remainder when 39243377 is divided by 839.
830
Calculate the remainder when 57861 is divided by 50752.
7109
What is the remainder when 8275905 is divided by 3275?
3255
Calculate the remainder when 82238907 is divided by 38.
29
Calculate the remainder when 585894 is divided by 21.
15
Calculate the remainder when 159827 is divided by 1102.
37
What is the remainder when 4057361 is divided by 1685?
1566
Calculate the remainder when 643859 is divided by 4991.
20
Calculate the remainder when 3550227 is divided by 45.
42
Calculate the remainder when 318104 is divided by 875.
479
What is the remainder when 3279340 is divided by 1132?
1068
Calculate the remainder when 52396804 is divided by 22.
20
What is the remainder when 12308124 is divided by 182?
10
Calculate the remainder when 2311075 is divided by 696.
355
What is the remainder when 233830 is divided by 17983?
51
What is the remainder when 2732681 is divided by 53?
1
Calculate the remainder when 19019815 is divided by 771.
16
Calculate the remainder when 73902 is divided by 12304.
78
Calculate the remainder when 29407675 is divided by 4201086.
73
Calculate the remainder when 394689 is divided by 920.
9
What is the remainder when 2646724 is divided by 440961?
958
Calculate the remainder when 12018904 is divided by 12018902.
2
Calculate the remainder when 79674668 is divided by 92430.
8
What is the remainder when 22933040 is divided by 6?
2
What is the remainder when 52107030 is divided by 8637?
9
Calculate the remainder when 107024321 is divided by 10537.
12
What is the remainder when 7142912 is divided by 66?
62
What is the remainder when 20911286 is divided by 724?
718
Calculate the remainder when 1164118 is divided by 387812.
682
What is the remainder when 847410 is divided by 25679?
3
Calculate the remainder when 851946 is divided by 101.
11
Calculate the remainder when 39994267 is divided by 449373.
70
Calculate the remainder when 1608775 is divided by 229825.
0
Calculate the remainder when 24859 is divided by 4230.
3709
What is the remainder when 15001929 is divided by 39?
33
What is the remainder when 25888627 is divided by 12944311?
5
Calculate the remainder when 304099903 is divided by 4748.
4747
What is the remainder when 205254 is divided by 29228?
658
Calculate the remainder when 64054399 is divided by 64.
63
Calculate the remainder when 2431570 is divided by 1515.
1510
What is the remainder when 93407272 is divided by 241?
10
Calculate the remainder when 47802 is divided by 23160.
1482
What is the remainder when 520200460 is divided by 16?
12
Calculate the remainder when 380434 is divided by 576.
274
Calculate the remainder when 5106896 is divided by 562.
2
What is the remainder when 423891 is divided by 3058?
1887
Calculate the remainder when 14230 is divided by 7075.
80
Calculate the remainder when 196424773 is divided by 66.
61
What is the remainder when 2339914 is divided by 6666?
148
What is the remainder when 3436 is divided by 223?
91
What is the remainder when 1232066397 is divided by 6590?
6587
Calculate the remainder when 5707213 is divided by 92.
85
Calculate the remainder when 854231 is divided by 183.
170
Calculate the remainder when 6148906 is divided by 10.
6
Calculate the remainder when 23383862 is divided by 1558924.
2
What is the remainder when 24507523 is divided by 15?
13
What is the remainder when 267280 is divided by 293?
64
Calculate the remainder when 4127989 is divided by 31.
29
Calculate the remainder when 1401662 is divided by 37.
